1334 a multiple of 46?
True
Is 4 a factor of 267?
False
Is 26 a factor of 3874?
True
Is 14 a factor of 1937?
False
Is 15 a factor of 21602?
False
Is 54 a factor of 1404?
True
Is 13136 a multiple of 46?
False
Does 26 divide 27197?
False
Is 506 a multiple of 12?
False
Does 57 divide 855?
True
Is 665 a multiple of 19?
True
Does 2 divide 1029?
False
Does 59 divide 885?
True
Does 12 divide 1848?
True
Does 5 divide 260?
True
Does 18 divide 1926?
True
Is 1812 a multiple of 83?
False
Is 1325 a multiple of 19?
False
Does 147 divide 1923?
False
Is 956 a multiple of 14?
False
Is 403 a multiple of 22?
False
Is 1984 a multiple of 4?
True
Is 52 a factor of 8966?
False
Is 22959 a multiple of 5?
False
Is 20916 a multiple of 84?
True
Is 15 a factor of 1288?
False
Is 371 a multiple of 21?
False
Does 32 divide 608?
True
Does 15 divide 1110?
True
Does 42 divide 82?
False
Is 977 a multiple of 99?
False
Is 64 a factor of 1152?
True
Is 13 a factor of 21086?
True
Does 18 divide 4464?
True
Does 2 divide 1025?
False
Is 402 a multiple of 13?
False
Is 381 a multiple of 29?
False
Does 40 divide 1083?
False
Is 25547 a multiple of 59?
True
Does 14 divide 14476?
True
Is 2139 a multiple of 23?
True
Is 1953 a multiple of 63?
True
Does 53 divide 4777?
False
Is 1871 a multiple of 25?
False
Is 756 a multiple of 21?
True
Is 22547 a multiple of 9?
False
Is 696 a multiple of 24?
True
Is 17 a factor of 272?
True
Is 36485 a multiple of 9?
False
Is 34 a factor of 61778?
True
Does 3 divide 15918?
True
Is 152 a factor of 7144?
True
Is 19 a factor of 296?
False
Is 1188 a multiple of 18?
True
Is 1803 a multiple of 17?
False
Is 24 a factor of 168?
True
Does 83 divide 412?
False
Is 6 a factor of 3274?
False
Is 2180 a multiple of 20?
True
Is 15295 a multiple of 23?
True
Is 168 a factor of 9072?
True
Is 4382 even?
True
Is 51 a factor of 54061?
False
Does 26 divide 1664?
True
Does 45 divide 53358?
False
Is 27 a factor of 6507?
True
Is 64 a factor of 9920?
True
Is 72 a multiple of 14?
False
Is 9011 a multiple of 19?
False
Does 153 divide 26570?
False
Is 20 a factor of 2763?
False
Is 62 a factor of 22568?
True
Is 77 a factor of 18338?
False
Is 9 a factor of 1296?
True
Is 7 a factor of 168?
True
Is 8 a factor of 1527?
False
Is 10 a factor of 160?
True
Is 5754 a multiple of 7?
True
Does 10 divide 90?
True
Is 30 a factor of 598?
False
Is 62495 a multiple of 38?
False
Is 8 a factor of 279?
False
Is 233 a factor of 30290?
True
Is 6 a factor of 186?
True
Does 48 divide 75360?
True
Is 75 a factor of 21997?
False
Is 3 a factor of 2367?
True
Does 39 divide 1515?
False
Is 108311 a multiple of 19?
False
Is 8190 a multiple of 8?
False
Is 49 a factor of 1715?
True
Is 1770 a multiple of 30?
True
Does 143 divide 4256?
False
Is 304 a multiple of 7?
False
Is 19 a factor of 1769?
False
Is 324 a multiple of 9?
True
Does 44 divide 1146?
False
Is 35298 a multiple of 106?
True
Is 5966 a multiple of 15?
False
Is 1064 a multiple of 13?
False
Is 36844 a multiple of 62?
False
Does 84 divide 40656?
True
Is 4665 a multiple of 15?
True
Is 54460 a multiple of 35?
True
Is 8 a factor of 918?
False
Is 10569 a multiple of 72?
False
Is 51 a factor of 153?
True
Is 36 a factor of 1692?
True
Is 1613 a multiple of 78?
False
Is 11 a factor of 506?
True
Is 607 a multiple of 63?
False
Is 5 a factor of 2933?
False
Is 23927 a multiple of 11?
False
Does 15 divide 29760?
True
Does 3 divide 2037?
True
Is 14 a factor of 71?
False
Is 1236 a multiple of 12?
True
Does 13 divide 5239?
True
Does 151 divide 25726?
False
Is 14592 a multiple of 19?
True
Is 3090 a multiple of 149?
False
Does 58 divide 1228?
False
Does 53 divide 17331?
True
Does 9 divide 383?
False
Does 23 divide 943?
True
Is 18599 a multiple of 11?
False
Does 94 divide 20467?
False
Is 156 a multiple of 16?
False
Is 112 a multiple of 28?
True
Is 58 a factor of 58?
True
Does 2 divide 212?
True
Is 400 a multiple of 3?
False
Does 55 divide 1925?
True
Is 185 a factor of 2960?
True
Is 667 a multiple of 29?
True
Is 8 a factor of 1012?
False
Is 122 a factor of 40531?
False
Does 4 divide 48?
True
Is 7824 a multiple of 8?
True
Does 10 divide 220?
True
Is 11 a factor of 1216?
False
Is 5978 a multiple of 14?
True
Is 43 a factor of 3603?
False
Is 56 a factor of 1736?
True
Is 7 a factor of 112?
True
Is 2520 a multiple of 21?
True
Is 17 a factor of 1644?
False
Is 17 a factor of 323?
True
Is 4 a factor of 1472?
True
Is 4 a factor of 6?
False
Does 8 divide 380?
False
Does 8 divide 6024?
True
Is 43360 a multiple of 16?
True
Is 3525 a multiple of 40?
False
Is 731 a multiple of 4?
False
Is 12 a factor of 529?
False
Is 5 a factor of 25?
True
Does 13 divide 22340?
False
Does 45 divide 1807?
False
Is 11960 a multiple of 40?
True
Is 13 a factor of 54158?
True
Is 4 a factor of 452?
True
Is 2266 a multiple of 11?
True
Is 1775 even?
False
Is 19 a factor of 737?
False
Does 3 divide 11402?
False
Is 17 a factor of 68?
True
Does 32 divide 440?
False
Does 18 divide 469?
False
Is 2684 a multiple of 44?
True
Is 300 a multiple of 12?
True
Is 138 a factor of 49128?
True
Does 52 divide 113?
False
Is 780 a multiple of 30?
True
Does 121 divide 109843?
False
Is 30 a factor of 10628?
False
Is 9105 a multiple of 15?
True
Is 66271 a multiple of 34?
False
Does 8 divide 21152?
True
Is 4 a factor of 5257?
False
Does 12 divide 1404?
True
Does 61 divide 3172?
True
Does 18 divide 1008?
True
Does 11 divide 11923?
False
Is 5 a factor of 8020?
True
Is 134541 a multiple of 297?
True
Is 27 a factor of 11612?
False
Is 96 a factor of 8765?
False
Is 31489 a multiple of 6?
False
Does 15 divide 8090?
False
Is 22 a factor of 5283?
False
Does 22 divide 638?
True
Does 26 divide 416?
True
Is 48 a factor of 2281?
False
Is 81292 a multiple of 75?
False
Does 71 divide 30707?
False
Is 4 a factor of 6950?
False
Is 125 a factor of 6298?
False
Is 9 a factor of 42838?
False
Is 36 a factor of 8271?
False
Is 19 a factor of 5667?
False
Does 2 divide 206?
True
Does 141 divide 136488?
True
Is 133 a factor of 3059?
True
Does 12 divide 4588?
False
Does 2 divide 8256?
True
Does 11 divide 295?
False
Is 15312 a multiple of 30?
False
Is 972 a multiple of 9?
True
Does 24 divide 3281?
False
Is 55 a factor of 15109?
False
Does 13 divide 8892?
True
Does 105 divide 3045?
True
Is 8 a factor of 2392?
True
Is 1110 a multiple of 10?
True
Is 13 a factor of 6393?
False
Is 65208 a multiple of 156?
True
Is 173 a multiple of 26?
False
Is 471 a multiple of 9?
False
Is 15 a factor of 906?
False
Is 7 a factor of 6849?
False
Is 42 a factor of 1302?
True
Is 2287 a multiple of 71?
False
Is 261 a multiple of 29?
True
Is 869 a multiple of 108?
False
Is 6 a factor of 18087?
False
Is 32 a factor of 16256?
True
Is 104 a factor of 5432?
False
Is 1940 a multiple of 6?
False
Is 2208 a multiple of 69?
True
Is 39955 a multiple of 29?
False
Is 321 a multiple of 19?
False
Does 12 divide 408?
True
Is 22 a factor of 968?
True
Does 16 divide 16880?
True
Is 7 a factor of 1435?
True
Is 6 a factor of 46129?
False
Is 37718 a multiple of 6?
False
Does 55 divide 55?
True
Does 20 divide 2079?
False
Is 17 a factor of 7905?
True
Does 4 divide 668?
True
Does 97 divide 679?
True
Is 230 a multiple of 6?
False
Is 111 a factor of 17316?
True
Does 113 divide 1485?
False
Is 17 a factor of 1451?
False
Is 3 a factor of 23808?
True
Is 323 a multiple of 18?
False
Is 5529 a multiple of 19?
True
Does 110 divide 12540?
True
Is 7599 a multiple of 11?
False
Does 2 divide 375?
False
Is 756 a multiple of 42?
True
Is 1833 a multiple of 47?
True
Is 191 a factor of 86263?
False
Is 216 a factor of 6364?
False
Is 224 a multiple of 3?
False
Does 191 divide 87860?
True
Is 28 a factor of 420?
True
Is 1224 a multiple of 34?
True
Is 369 a multiple of 25?
False
Does 54 divide 1344?
False
Does 3 divide 8670?
True
Is 53268 a multiple of 162?
False
Is 1409 a multiple of 22?
False
Is 36 a factor of 9072?
True
Does 42 divide 1324?
False
Is 8 a factor of 8?
True
Does 65 divide 1418?
False
Does 9 divide 756?
True
Is 13 a factor of 197?
False
Is 16 a factor of 950?
False
Is 7 a factor of 15519?
True
Does 3 divide 2588?
False
Does 134 divide 134?
True
Does 40 divide 733?
False
Is 855 a multiple of 7?
False
Does 139 divide 4255?
False
Does 201 divide 50407?
False
Is 11 a factor of 275?
True
Is 2388 a multiple of 28?
False
Does 5 divide 522?
F